7*g**2 + 204*g + 452. What is t(-9)?
-7
Let g(p) = 8533*p + 25267. Give g(-3).
-332
Let z(w) = -w**2 + 21*w + 54307. Give z(-223).
-105
Let o(s) = s**3 - 84*s**2 + 734*s + 332. Give o(74).
-112
Let w(t) = 49861*t + 698058. Determine w(-14).
4
Let o(f) = -f**3 + 36*f**2 - 790*f + 28305. Determine o(36).
-135
Let z(d) = -d**3 - 16*d**2 - 98*d - 478. Give z(-11).
-5
Let f(l) = -3738*l - 699078. Give f(-187).
-72
Let k(a) = 72*a**3 - 18*a**2 + 418*a - 402. What is k(1)?
70
Let m(p) = -3299*p + 36580. Give m(11).
291
Let v(n) = -403*n - 20814. Determine v(-53).
545
Let b(h) = -239160*h + 10523034. Determine b(44).
-6
Let s(j) = 61718*j - 1481245. What is s(24)?
-13
Let m(f) = 212005*f - 1696088. What is m(8)?
-48
Let g(y) = y**2 + 307*y - 28324. Determine g(-381).
-130
Let a(i) = 60874*i - 42611806. Determine a(700).
-6
Let p(l) = 37081*l + 74164. Determine p(-2).
2
Let j(a) = 375*a + 8546. Give j(-23).
-79
Let r(v) = 3*v**3 - 234*v**2 + 701*v - 1940. Determine r(75).
10
Let x(l) = -8*l**2 + 33*l - 342. Give x(9).
-693
Let b(f) = -6995324*f + 76948567. Determine b(11).
3
Let s(k) = -967*k - 55339. Give s(-57).
-220
Let z(s) = 2*s**3 + 66*s**2 + 179*s - 192. Determine z(-30).
-162
Let d(h) = -h**2 - 127*h - 132. What is d(-137)?
-1502
Let m(g) = 3*g**3 - 36*g**2 - g - 55. Calculate m(11).
-429
Let i(b) = -b**3 + 261*b**2 - 2120*b - 1256. Give i(9).
76
Let j(y) = -14*y**2 + 1226*y - 6856. Determine j(6).
-4
Let j(a) = 4*a**2 + 298*a + 876. Determine j(-71).
-118
Let v(s) = -5*s**3 + 150*s**2 - 458*s + 1295. Determine v(27).
-136
Let h(l) = 29*l**3 - 224*l**2 + l - 20. Determine h(6).
-1814
Let k(x) = -x**3 + 287*x**2 - 339*x - 224418. What is k(283)?
1
Let l(v) = -2670*v - 77245. What is l(-30)?
2855
Let t(o) = -139*o - 575. Calculate t(-6).
259
Let o(j) = 13418*j - 66437. Give o(5).
653
Let p(z) = 46524*z - 93049. What is p(2)?
-1
Let g(b) = -24*b**2 - 4692*b - 54879. Determine g(-183).
21
Let a(m) = -m**3 + 488*m**2 - 5*m + 2490. Determine a(488).
50
Let c(i) = 35825*i - 33281420. Give c(929).
5
Let r(l) = l**2 + 97*l - 129. Give r(-96).
-225
Let t(h) = h**3 + 1227*h**2 + 33472*h - 2780. Determine t(-28).
20
Let j(g) = -6*g**3 - 381*g**2 - 3581*g + 421. Calculate j(-52).
57
Let h(c) = 6*c**2 - 130*c + 1511. Calculate h(12).
815
Let w(k) = k**2 + 259*k + 13167. What is w(-205)?
2097
Let y(l) = -33*l**3 - l**2 - 38*l - 2. Determine y(0).
-2
Let x(n) = -189*n - 44944. Calculate x(-238).
38
Let b(c) = -28*c**2 - 624*c - 236. Calculate b(-22).
-60
Let n(d) = -6*d + 686. Give n(86).
170
Let a(n) = -2*n**3 - 9*n**2 + 4042*n + 20196. Determine a(-5).
11
Let g(m) = 9*m**2 + 3167*m - 13461. What is g(-356)?
-289
Let a(c) = 12476*c - 37429. Calculate a(3).
-1
Let w(q) = -38*q**2 + 15*q + 550. Give w(0).
550
Let a(d) = -12*d**2 + 266*d + 186. What is a(23)?
-44
Let k(x) = -2*x**2 - 20761*x + 395174. What is k(19)?
-7
Let r(u) = -u**3 - 113*u**2 + 20996*u - 787. Calculate r(99).
5
Let c(k) = 1436467*k + 40. What is c(0)?
40
Let u(q) = -948*q - 5972. Calculate u(-6).
-284
Let c(z) = -4*z**3 + 8*z**2 + 65*z - 4. Calculate c(-5).
371
Let a(g) = g**3 + 6*g**2 + 77*g + 138. Calculate a(-2).
0
Let b(c) = -2*c**2 + 894*c - 24083. Determine b(29).
161
Let s(p) = 6*p**2 - 222*p - 5. Calculate s(0).
-5
Let w(q) = 53*q + 569. Calculate w(-7).
198
Let m(v) = v**3 - v**2 + 16786*v + 50363. Calculate m(-3).
-31
Let k(z) = z**2 - 1523*z - 41871. What is k(-27)?
-21
Let m(z) = -1248352*z - 12483506. Determine m(-10).
14
Let v(w) = 218*w + 3422. Calculate v(-10).
1242
Let a(s) = -s**2 - 4728*s + 114044. Calculate a(24).
-4
Let c(j) = 2*j**2 + 495*j + 16876. Determine c(-201).
-1817
Let o(x) = x**3 - 10*x**2 - 1607*x - 1130. Calculate o(-35).
-10
Let b(g) = -11*g**2 + 190*g - 637. What is b(14)?
-133
Let w(h) = -7*h**2 - 167*h + 1025. Calculate w(6).
-229
Let b(j) = -j**3 + 43*j**2 - 1078*j + 10268. What is b(16)?
-68
Let t(n) = -2962*n**2 - 512*n - 516. Give t(-1).
-2966
Let r(k) = -1564*k - 294036. Calculate r(-188).
-4
Let j(u) = -4*u**2 - 1092*u + 2594. Determine j(-275).
394
Let x(g) = -g**3 - g**2 + 11*g - 55. What is x(-8)?
305
Let u(f) = 74*f - 11889. Calculate u(169).
617
Let g(c) = 197*c**2 + 38799*c - 1962. Give g(-197).
8
Let l(y) = 11589*y - 150610. What is l(13)?
47
Let y(d) = -167*d**3 + d**2 + 61*d + 61. Calculate y(-1).
168
Let s(h) = -26256*h + 12130268. Calculate s(462).
-4
Let x(j) = 179*j**3 - 718*j**2 - 235*j + 935. Calculate x(4).
-37
Let v(s) = -s**3 - 180*s**2 - 2510*s - 656. What is v(-165)?
5119
Let i(k) = k**2 + 223*k - 9304. Determine i(34).
-566
Let w(b) = 4*b**2 - 187*b - 737. Calculate w(50).
-87
Let v(t) = t**3 - 24*t**2 - 114*t + 34. Calculate v(28).
-22
Let o(l) = -59*l - 9847. Give o(-164).
-171
Let c(g) = 6*g**3 + 749*g**2 + 604*g - 2021. Calculate c(-124).
-37
Let f(u) = u**3 + 75*u**2 - 233*u + 213. Give f(-78).
135
Let b(c) = -634*c - 18355. Determine b(-29).
31
Let l(d) = 26*d + 3588. Determine l(-113).
650
Let m(b) = b**3 - 26*b**2 + 22*b + 1152. Give m(22).
-300
Let y(a) = 2*a**3 - 396*a**2 - 372*a - 5168. Give y(199).
6
Let a(r) = 5*r**2 + 849*r - 6945. Give a(8).
167
Let w(d) = d**2 + 1727*d - 387530. Determine w(201).
-2
Let u(l) = -31*l**2 - 9947*l + 1234. Determine u(-321).
-50
Let i(y) = y**2 + 136165*y + 544656. Give i(-4).
12
Let d(t) = t**3 - 14*t**2 - 447*t + 377. Give d(29).
29
Let q(d) = 540*d**2 - 1139*d - 3432. What is q(-3)?
4845
Let j(i) = -10*i - 1716. Calculate j(-203).
314
Let p(b) = 36*b**2 + 5050*b - 31748. Determine p(6).
-152
Let t(f) = 4121920*f + 28853433. Calculate t(-7).
-7
Let u(n) = -n**2 + 816*n + 34228. Give u(-40).
-12
Let l(f) = -7*f**3 + 168*f**2 + 6*f - 259. What is l(24)?
-115
Let j(k) = -k**3 - 11*k**2 - 53*k - 1599. Determine j(-16).
529
Let b(t) = -t**3 - 15*t**2 + 82*t + 1052. Calculate b(-14).
-292
Let u(m) = m**3 + 72*m**2 + 60*m - 1105. Give u(-71).
-324
Let x(l) = -l**2 + 72*l + 1022. Give x(69).
1229
Let d(r) = 7*r**3 + 915*r**2 + 1547*r - 136. Calculate d(-129).
-7
Let t(x) = 178075*x - 3383437. What is t(19)?
-12
Let l(v) = v**3 + 211*v**2 + 218*v + 1126. Give l(-210).
-554
Let o(w) = -22914*w + 274950. Determine o(12).
-18
Let y(o) = 679*o**2 - 417*o + 840. Determine y(2).
2722
Let n(l) = -36*l**2 - 454*l + 30316. What is n(-36)?
4
Let a(y) = -483050*y + 7245745. Determine a(15).
-5
Let v(x) = -x**3 + 113*x**2 + 449*x + 2190. Calculate v(117).
-33
Let d(s) = s**3 + 84*s**2 + 470*s + 1101. Determine d(-78).
945
Let v(i) = -i**3 - 287*i**2 - 14882*i + 2195. Calculate v(-219).
5
Let g(n) = -n**2 + 2107*n - 75. Calculate g(0).
-75
Let p(a) = 520*a + 27881. Give p(-54).
-199
Let n(q) = 2*q**3 - 199*q**2 + 1166*q - 1121. Determine n(5).
-16
Let l(d) = 842*d - 91095. Calculate l(108).
-159
Let j(s) = -s**2 - 9*s + 3112. Calculate j(52).
-60
Let n(y) = 592*y**2 - 49*y - 29. Calculate n(0).
-29
Let g(l) = l**3 - 299*l**2 - 626*l + 6887. Give g(301).
-337
Let p(n) = -12398*n - 309896. Calculate p(-25).
54
Let s(o) = -3*o**2 + 183*o + 8934. Give s(93).
6
Let k(t) = t**3 - 29*t**2 - 2314*t + 65568. Calculate k(28).
-8
Let b(m) = -6*m**3 + 1744*m**2 + 7676*m - 1750. What is b(295)?
20
Let c(l) = l**3 + 31*l**2 - 46. Calculate c(-31).
-46
Let o(g) = 1565*g + 604088. Determine o(-386).
-2
Let y(d) = -240*d + 39788. Determine y(168).
-532
Let c(k) = 248*k + 60134. Calculate c(-242).
118
Let s(l) = 28125*l + 1349917. What is s(-48)?
-83
Let u(i) = -13*i**3 - 246*i**2 - 7*i - 54. Give u(-19).
440
Let o(y) = 3*y**3 - 3047*y**2 - 736*y - 284507. Give o(1016).
-27
Let i(n) = 70*n**2 - 166*n + 840. Determine i(5).
1760
Let v(w) = w**2 - 231*w + 10487. Calculate v(73).
-1047
Let l(q) = 961*q**2 - 329*q - 340. Determine l(-1).
950
Let h(k) = k**3 - 85*k**2 - 648*k + 33663. What is h(88)?
-129
Let c(i) = -2*i**3 - 449*i**2 + 2056*i - 1175. Determine c(-229).
-30
Let l(y) = -y**3 - y**2 - 606*y - 1216. What is l(-2)?
0
Let b(f) = -f**2 + 430*f - 35686. What is b(110)?
-486
Let d(c) = -15*c**3 + 133*c**2 + 69*c - 495. Give d(9).
-36
Let u(a) = -3*a**2 - 423*a + 1014. What is u(-142)?
588
Let u(h) = 180*h**2 - 3414*h - 131. Give u(19).
-17
Let n(l) = 2264*l - 11293. Calculate n(5).
27
Let c(y) = 8*y**2 - 9872*y - 9865. Determine c(-1).
15
Let c(u) = -u**3 + 20*u**2 - 75*u - 4. Calculate c(7).
108
Let b(x) = 541*